608
In base 5, what is -1222 + -14330232?
-14332004
In base 9, what is -3 + 16740464?
16740461
In base 8, what is 1 + -10627410?
-10627407
In base 5, what is 1222132030203 - 10?
1222132030143
In base 2, what is 10100100111111 + -101100100000001?
-10111111000010
In base 3, what is -2212020122121100100 - 11?
-2212020122121100111
In base 5, what is 1024123 + 22141?
1101314
In base 2, what is 1010011011110110 - 11000101?
1010011000110001
In base 9, what is 3 - -476051471?
476051474
In base 4, what is 11 + -112021203131?
-112021203120
In base 11, what is 1043 - -49840?
4a883
In base 10, what is 4 - -175880438?
175880442
In base 15, what is -287a68 - -21?
-287a47
In base 2, what is -100101101 + -10011010011101000?
-10011011000010101
In base 7, what is -100416631 - -450?
-100416151
In base 9, what is 17 - -5352360?
5352377
In base 15, what is c87e84 - -5?
c87e89
In base 6, what is 45 + -5152124?
-5152035
In base 4, what is 13223 + 3013112103?
3013131332
In base 14, what is 0 + -10155ad?
-10155ad
In base 7, what is -111336043 - -6?
-111336034
In base 15, what is b11971 + -2?
b1196e
In base 4, what is -1300230102 - -301?
-1300223201
In base 2, what is 1111 + -101011100101111011101?
-101011100101111001110
In base 2, what is 101011110110 + -1010000110110111?
-1001011011000001
In base 3, what is 102020110021 - 12?
102020110002
In base 11, what is 9 - 374544?
-374536
In base 13, what is -21 - 4635320?
-4635341
In base 14, what is -22b - 16505?
-16732
In base 8, what is -7 + 4300331?
4300322
In base 8, what is -4377130 - 1207?
-4400337
In base 4, what is -1 - 31121011333?
-31121012000
In base 7, what is -1366466 - 22?
-1366521
In base 11, what is -2893a01 - 9?
-2893a0a
In base 16, what is -4 - 26d4bf?
-26d4c3
In base 4, what is 32122 - -3003200030?
3003232212
In base 12, what is -182387135 + -2?
-182387137
In base 15, what is -475 - 7e7c?
-8402
In base 11, what is 0 - -20350a4?
20350a4
In base 6, what is -20132330 + 15?
-20132311
In base 5, what is -3 + 1034240322001?
1034240321443
In base 2, what is -1111111001110010011000 + -11?
-1111111001110010011011
In base 9, what is 168622525 - -3?
168622528
In base 10, what is -4 + -43448362?
-43448366
In base 8, what is -224450241 + -6?
-224450247
In base 6, what is -121444 + 103124?
-14320
In base 3, what is 2 + 1022011122220222?
1022011122221001
In base 12, what is 34212 - 17?
341b7
In base 16, what is 2 + -5f576?
-5f574
In base 11, what is -101 - 4aa717?
-4aa818
In base 6, what is -12000 + -3034320?
-3050320
In base 9, what is 1328183 + -20?
1328163
In base 9, what is 3 - -24452581?
24452584
In base 4, what is -32 + -21303003?
-21303101
In base 13, what is -8094 - c70?
-9034
In base 4, what is 11211 + -2230331?
-2213120
In base 12, what is 29b + -18b9b?
-18900
In base 14, what is 26b4d2c + 2?
26b4d30
In base 2, what is -10010100010011111101 + 101011?
-10010100010011010010
In base 11, what is 615 - 16768?
-16153
In base 15, what is -85d6 + 3b?
-859a
In base 12, what is -3 + -b059b6?
-b059b9
In base 7, what is -462424251 - -4?
-462424244
In base 5, what is 2100022402 + 0?
2100022402
In base 2, what is -1011011111110110001111110 - -1110?
-1011011111110110001110000
In base 10, what is 51847120 + -16?
51847104
In base 13, what is -4 - -121740b?
1217407
In base 6, what is 151 - -333010?
333201
In base 11, what is 32390 - 4161?
2922a
In base 14, what is 2 + -d75723?
-d75721
In base 16, what is 255 - c445?
-c1f0
In base 5, what is -12001 + -21232032?
-21244033
In base 10, what is 1 - 43447579?
-43447578
In base 9, what is -16024408 + -2?
-16024411
In base 8, what is 161076 + -74?
161002
In base 4, what is 33101333233 + 0?
33101333233
In base 7, what is 4 - -144262631?
144262635
In base 9, what is -5 + 2500124?
2500118
In base 12, what is 37a8b + 1a2?
38071
In base 13, what is -1aa96b33 + 3?
-1aa96b30
In base 15, what is -3cc053d - -3?
-3cc053a
In base 2, what is 101 + 1111110000000111110110101?
1111110000000111110111010
In base 14, what is 2 + 14aa9885?
14aa9887
In base 3, what is 200020201 - 1101020?
121212111
In base 13, what is 52851233 + -3?
52851230
In base 15, what is 9 + 315295?
31529e
In base 6, what is 111144 + -22233?
44511
In base 14, what is 9d4 - -133b3?
13da7
In base 2, what is -1000000000010111110000 - -101?
-1000000000010111101011
In base 12, what is -65 - 242998?
-242a41
In base 2, what is -1000100 - -10011010010001101001?
10011010010000100101
In base 12, what is 1857 - -18bb7?
1a852
In base 3, what is 10202012110120022011 + -12?
10202012110120021222
In base 5, what is -4104 + 2402003?
2342344
In base 4, what is 12220033311011 - 3?
12220033311002
In base 14, what is -75864b - -4?
-758647
In base 14, what is 15dc16 - 90?
15db66
In base 5, what is -111 + -113012222?
-113012333
In base 11, what is 354 + 53771a?
537a73
In base 12, what is -499b2 + 7a8?
-49206
In base 11, what is -27575a0 - -85?
-2757516
In base 8, what is 413 + 1724242?
1724655
In base 4, what is -2310121 - -1321120?
-323001
In base 7, what is 30612544 + -10?
30612534
In base 15, what is -47 - 63c39?
-63c81
In base 6, what is 22424140115 + 4?
22424140123
In base 5, what is -30133 + -32213030?
-32243213
In base 4, what is 20 + -1130330130322?
-1130330130302
In base 5, what is 4 - -3320031224?
3320031233
In base 10, what is 913 + 37237?
38150
In base 8, what is 3630435 - -10?
3630445
In base 15, what is -42cc53e + -1?
-42cc540
In base 5, what is -40442 - 113144?
-204141
In base 10, what is 2299 + -649?
1650
In base 10, what is -5 + -13838247?
-13838252
In base 9, what is 18265 + -100471?
-71205
In base 8, what is 364224 - 10306?
353716
In base 8, what is -145602644 + 4?
-145602640
In base 8, what is -5070027 - -3?
-5070024
In base 10, what is 289 + 424515?
424804
In base 7, what is -2460 - -31231?
25441
In base 10, what is -4 - 22375656?
-22375660
In base 2, what is -111110010100 + 11010101001?
-100011101011
In base 5, what is -10324231312 - 10?
-10324231322
In base 8, what is 264 + -127107?
-126623
In base 2, what is 11101100000001 - 11001101?
11101000110100
In base 11, what is 445452 - 2?
445450
In base 6, what is -102522 - 3342?
-110304
In base 3, what is 1011101202 + -1002202?
1010022000
In base 7, what is 1255604 - 15?
1255556
In base 2, what is -10000010011001011000001 + -100?
-10000010011001011000101
In base 15, what is -42c39c + 53?
-42c349
In base 9, what is 14863 - 18682?
-3718
In base 9, what is 42313 - -1385?
43708
In base 9, what is -2047140402 + -3?
-2047140405
In base 15, what is -1de0 - 56c1?
-75b1
In base 6, what is 4123 + -500004?
-451441
In base 11, what is -20908 - -4622?
-17296
In base 5, what is 11023 + 33414203?
33430231
In base 2, what is 10000000010111111 - 111110?
10000000010000001
In base 8, what is -5324611 - 7?
-5324620
In base 13, what is 2237a + -22a0?
200aa
In base 7, what is 5 - 20412226?
-20412221
In base 15, what is 20c76 - 6d?
20c08
In base 14, what is 2b4a4 - -3?
2b4a7
In base 15, what is -a9 + a6e0?
a636
In base 12, what is -6162 - -237?
-5b27
In base 12, what is -302a9b4 - -6?
-302a9aa
In base 14, what is -52c + 870?
342
In base 9, what is -86 - 127680?
-127776
In base 8, what is 651 - -15372?
16243
In base 8, what is -4 + 104602170?
104602164
In base 14, what is 238ba + -1b3?
23707
In base 2, what is -101 - -1001100100100011000000111?
1001100100100011000000010
In base 9, what is -766452 + -6?
-766458
In base 16, what is -c722a1 + -4?
-c722a5
In base 14, what is -3 + 6c5211?
6c520c
In base 9, what is 30 - -3044535?
3044565
In base 2, what is -1110 - -11110000100001111100?
11110000100001101110
In base 14, what is db8 - 5a3?
815
In base 9, what is 577108 - 37?
577061
In base 13, what is -2 + -62b54a6?
-62b54a8
In base 8, what is 10361435 + 10?
10361445
In base 10, what is -19759 - 104?
-19863
In base 13, what is 26 - 66939?
-66913
In base 16, what is 16 - -1c6749?
1c675f
In base 3, what is 101002120000 - 2102?
101002110121
In base 5, what is 112432203110 - -4?
112432203114
In base 9, what is -1206 + -240117?
-241324
In base 12, what is -7756 - -58?
-76ba
In base 5, what is 11 + 3431424001?
3431424012
In base 8, what is 1463 - -15763?
17446
In base 5, what is 1124341 + 0?
1124341
In base 4, what is -12003 + -311032?
-323101
In base 11, what is -1 - 12219359?
-1221935a
In base 16, what is -2 + 1f0da4?
1